{"id":245,"date":"2017-01-31T15:29:16","date_gmt":"2017-01-31T13:29:16","guid":{"rendered":"http:\/\/schnapsstube.it\/schnapsstube\/yeti-detail-copy\/"},"modified":"2022-10-06T10:41:23","modified_gmt":"2022-10-06T08:41:23","slug":"bruno-detail","status":"publish","type":"page","link":"https:\/\/schnapsstube.it\/schnapsstube\/bruno-detail\/","title":{"rendered":"Schokoladelik\u00f6r 17% vol."},"content":{"rendered":"<h1 style=\"text-align: center;\"><span style=\"font-family: courier new,courier,monospace;\">(Bruno)<\/span><\/h1>\n<p style=\"text-align: center;\"><img loading=\"lazy\" class=\"alignnone size-medium wp-image-286\" src=\"http:\/\/schnapsstube.it\/schnapsstube\/wp-content\/uploads\/2017\/01\/Bruno_Seite-600x410.jpg\" alt=\"Bruno_Seite\" width=\"600\" height=\"410\" srcset=\"https:\/\/schnapsstube.it\/schnapsstube\/wp-content\/uploads\/2017\/01\/Bruno_Seite-600x410.jpg 600w, https:\/\/schnapsstube.it\/schnapsstube\/wp-content\/uploads\/2017\/01\/Bruno_Seite-768x525.jpg 768w, https:\/\/schnapsstube.it\/schnapsstube\/wp-content\/uploads\/2017\/01\/Bruno_Seite-1024x700.jpg 1024w, https:\/\/schnapsstube.it\/schnapsstube\/wp-content\/uploads\/2017\/01\/Bruno_Seite.jpg 1170w\" sizes=\"(max-width: 600px) 100vw, 600px\" \/><\/p>\n<p style=\"text-align: center;\">Schokolade liebt jeder, und wenn man sie isst entstehen Gl\u00fccksgef\u00fchle. Wieso also nicht als Lik\u00f6r trinken?<br \/>\nDer liebliche Geschmack von\u00a0Schokolade als Lik\u00f6r ist ein Genuss f\u00fcr alle die das S\u00fc\u00dfe lieben.<\/p>\n<p style=\"text-align: center;\">\n<hr \/>\n<p style=\"text-align: center;\"><span style=\"font-size: 26px;\">In folgenden Mengen erh\u00e4ltlich:<\/span><\/p>\n<hr \/>\n<p style=\"text-align: center;\">\u00a0Flasche\u00a0<span style=\"font-size: 24px;\"><strong>1,0l<\/strong><\/span><\/p>\n<hr \/>\n<p style=\"text-align: center;\">Packung mit 25 St\u00fcck zu 20ml\u00a0<span style=\"font-size: 24px;\"><strong>0,5l<\/strong><\/span><\/p>","protected":false},"excerpt":{"rendered":"<p>(Bruno) Schokolade liebt jeder, und wenn man sie isst entstehen Gl\u00fccksgef\u00fchle. Wieso also nicht als Lik\u00f6r trinken? Der liebliche Geschmack von\u00a0Schokolade als Lik\u00f6r ist ein Genuss f\u00fcr alle die das S\u00fc\u00dfe lieben. In folgenden Mengen &hellip; <a href=\"https:\/\/schnapsstube.it\/schnapsstube\/bruno-detail\/\">Weiterlesen<\/a><\/p>\n","protected":false},"author":3,"featured_media":0,"parent":0,"menu_order":0,"comment_status":"closed","ping_status":"closed","template":"fullwidth.php","meta":[],"_links":{"self":[{"href":"https:\/\/schnapsstube.it\/schnapsstube\/wp-json\/wp\/v2\/pages\/245"}],"collection":[{"href":"https:\/\/schnapsstube.it\/schnapsstube\/wp-json\/wp\/v2\/pages"}],"about":[{"href":"https:\/\/schnapsstube.it\/schnapsstube\/wp-json\/wp\/v2\/types\/page"}],"author":[{"embeddable":true,"href":"https:\/\/schnapsstube.it\/schnapsstube\/wp-json\/wp\/v2\/users\/3"}],"replies":[{"embeddable":true,"href":"https:\/\/schnapsstube.it\/schnapsstube\/wp-json\/wp\/v2\/comments?post=245"}],"version-history":[{"count":14,"href":"https:\/\/schnapsstube.it\/schnapsstube\/wp-json\/wp\/v2\/pages\/245\/revisions"}],"predecessor-version":[{"id":814,"href":"https:\/\/schnapsstube.it\/schnapsstube\/wp-json\/wp\/v2\/pages\/245\/revisions\/814"}],"wp:attachment":[{"href":"https:\/\/schnapsstube.it\/schnapsstube\/wp-json\/wp\/v2\/media?parent=245"}],"curies":[{"name":"wp","href":"https:\/\/api.w.org\/{rel}","templated":true}]}}