{"id":519,"date":"2019-03-04T12:54:10","date_gmt":"2019-03-04T10:54:10","guid":{"rendered":"https:\/\/schnapsstube.it\/schnapsstube\/?page_id=519"},"modified":"2019-03-04T16:18:08","modified_gmt":"2019-03-04T14:18:08","slug":"houler","status":"publish","type":"page","link":"https:\/\/schnapsstube.it\/schnapsstube\/houler\/","title":{"rendered":"Holunder &#8211; Minze 18% vol."},"content":{"rendered":"<h1 style=\"text-align: center;\"><span style=\"font-family: courier new,courier,monospace;\">(Houler)<\/span><\/h1>\n<p style=\"text-align: center;\"><img loading=\"lazy\" class=\"alignnone size-medium wp-image-521\" src=\"https:\/\/schnapsstube.it\/schnapsstube\/wp-content\/uploads\/2019\/03\/houler-600x410.jpg\" alt=\"\" width=\"600\" height=\"410\" srcset=\"https:\/\/schnapsstube.it\/schnapsstube\/wp-content\/uploads\/2019\/03\/houler-600x410.jpg 600w, https:\/\/schnapsstube.it\/schnapsstube\/wp-content\/uploads\/2019\/03\/houler-768x525.jpg 768w, https:\/\/schnapsstube.it\/schnapsstube\/wp-content\/uploads\/2019\/03\/houler-1024x700.jpg 1024w, https:\/\/schnapsstube.it\/schnapsstube\/wp-content\/uploads\/2019\/03\/houler.jpg 1170w\" sizes=\"(max-width: 600px) 100vw, 600px\" \/><\/p>\n<p style=\"text-align: center;\">Holunder &#8211; Minze<br \/>\nNach einigen Versuchen ist es uns gelungen, zwei bekannte Geschm\u00e4cker perfekt zu vereinen.<br \/>\nJeder kennt sie, jeder wei\u00df wie sie schmeckt: die Holunderbl\u00fcte.<br \/>\nSie gibt unseren Lik\u00f6r die Prise vom Sommer.<br \/>\nDie erfrischende Minze rundet alles ab.<br \/>\nPerfekt auch f\u00fcr Cocktails.<\/p>\n<p>&nbsp;<\/p>\n<hr \/>\n<p style=\"text-align: center;\"><span style=\"font-size: 26px;\">In folgenden Mengen erh\u00e4ltlich:<\/span><\/p>\n<hr \/>\n<p style=\"text-align: center;\">Flasche\u00a0<span style=\"font-size: 24px;\"><strong>1,0l<\/strong><\/span><\/p>\n<hr \/>\n<p style=\"text-align: center;\">Packung mit 25 St\u00fcck zu 20ml\u00a0<span style=\"font-size: 24px;\"><strong>0,5l<\/strong><\/span><\/p>\n<hr \/>\n<p style=\"text-align: center;\">","protected":false},"excerpt":{"rendered":"<p>(Houler) Holunder &#8211; Minze Nach einigen Versuchen ist es uns gelungen, zwei bekannte Geschm\u00e4cker perfekt zu vereinen. Jeder kennt sie, jeder wei\u00df wie sie schmeckt: die Holunderbl\u00fcte. Sie gibt unseren Lik\u00f6r die Prise vom Sommer. &hellip; <a href=\"https:\/\/schnapsstube.it\/schnapsstube\/houler\/\">Weiterlesen<\/a><\/p>\n","protected":false},"author":3,"featured_media":0,"parent":0,"menu_order":0,"comment_status":"closed","ping_status":"closed","template":"fullwidth.php","meta":[],"_links":{"self":[{"href":"https:\/\/schnapsstube.it\/schnapsstube\/wp-json\/wp\/v2\/pages\/519"}],"collection":[{"href":"https:\/\/schnapsstube.it\/schnapsstube\/wp-json\/wp\/v2\/pages"}],"about":[{"href":"https:\/\/schnapsstube.it\/schnapsstube\/wp-json\/wp\/v2\/types\/page"}],"author":[{"embeddable":true,"href":"https:\/\/schnapsstube.it\/schnapsstube\/wp-json\/wp\/v2\/users\/3"}],"replies":[{"embeddable":true,"href":"https:\/\/schnapsstube.it\/schnapsstube\/wp-json\/wp\/v2\/comments?post=519"}],"version-history":[{"count":4,"href":"https:\/\/schnapsstube.it\/schnapsstube\/wp-json\/wp\/v2\/pages\/519\/revisions"}],"predecessor-version":[{"id":549,"href":"https:\/\/schnapsstube.it\/schnapsstube\/wp-json\/wp\/v2\/pages\/519\/revisions\/549"}],"wp:attachment":[{"href":"https:\/\/schnapsstube.it\/schnapsstube\/wp-json\/wp\/v2\/media?parent=519"}],"curies":[{"name":"wp","href":"https:\/\/api.w.org\/{rel}","templated":true}]}}