{"id":609,"date":"2020-04-18T22:04:32","date_gmt":"2020-04-18T20:04:32","guid":{"rendered":"https:\/\/schnapsstube.it\/schnapsstube\/?page_id=609"},"modified":"2020-05-09T20:42:42","modified_gmt":"2020-05-09T18:42:42","slug":"zahlungsarten","status":"publish","type":"page","link":"https:\/\/schnapsstube.it\/schnapsstube\/zahlungsarten\/","title":{"rendered":"Zahlungsarten"},"content":{"rendered":"<p><strong>Vorkasse Bank\u00fcberweisung<\/strong><br>Raiffeisenkasse Passeier<br>IBAN: IT19 H 08998 58810 000300224375<\/p>\n\n\n\n<p><strong>PayPal<\/strong><br>Sollten Sie kein Konto haben, k\u00f6nnen Sie auch mit Kreditkarte bezahlen.<\/p>\n\n\n\n<p><strong>Barzahlung<\/strong><br>Sie k\u00f6nnen bei Abholung oder Lieferung in Bar bei uns bezahlen.<\/p>\n\n\n\n<p>Erst nach Zahlungseingang erfolgt der Versand der bestellten Ware.<\/p>\n\n\n\n<p><\/p>","protected":false},"excerpt":{"rendered":"<p>Vorkasse Bank\u00fcberweisungRaiffeisenkasse PasseierIBAN: IT19 H 08998 58810 000300224375 PayPalSollten Sie kein Konto haben, k\u00f6nnen Sie auch mit Kreditkarte bezahlen. BarzahlungSie k\u00f6nnen bei Abholung oder Lieferung in Bar bei uns bezahlen. Erst nach Zahlungseingang erfolgt der &hellip; <a href=\"https:\/\/schnapsstube.it\/schnapsstube\/zahlungsarten\/\">Weiterlesen<\/a><\/p>\n","protected":false},"author":3,"featured_media":0,"parent":0,"menu_order":0,"comment_status":"closed","ping_status":"closed","template":"","meta":[],"_links":{"self":[{"href":"https:\/\/schnapsstube.it\/schnapsstube\/wp-json\/wp\/v2\/pages\/609"}],"collection":[{"href":"https:\/\/schnapsstube.it\/schnapsstube\/wp-json\/wp\/v2\/pages"}],"about":[{"href":"https:\/\/schnapsstube.it\/schnapsstube\/wp-json\/wp\/v2\/types\/page"}],"author":[{"embeddable":true,"href":"https:\/\/schnapsstube.it\/schnapsstube\/wp-json\/wp\/v2\/users\/3"}],"replies":[{"embeddable":true,"href":"https:\/\/schnapsstube.it\/schnapsstube\/wp-json\/wp\/v2\/comments?post=609"}],"version-history":[{"count":12,"href":"https:\/\/schnapsstube.it\/schnapsstube\/wp-json\/wp\/v2\/pages\/609\/revisions"}],"predecessor-version":[{"id":783,"href":"https:\/\/schnapsstube.it\/schnapsstube\/wp-json\/wp\/v2\/pages\/609\/revisions\/783"}],"wp:attachment":[{"href":"https:\/\/schnapsstube.it\/schnapsstube\/wp-json\/wp\/v2\/media?parent=609"}],"curies":[{"name":"wp","href":"https:\/\/api.w.org\/{rel}","templated":true}]}}