{"id":759,"date":"2020-05-04T10:26:43","date_gmt":"2020-05-04T08:26:43","guid":{"rendered":"https:\/\/schnapsstube.it\/schnapsstube\/?page_id=759"},"modified":"2023-02-27T15:44:09","modified_gmt":"2023-02-27T13:44:09","slug":"unsere-karte","status":"publish","type":"page","link":"https:\/\/schnapsstube.it\/schnapsstube\/unsere-karte\/","title":{"rendered":"Unsere Karte"},"content":{"rendered":"<p><\/p>\n\n\n\n<p><strong><em>Aperitif<\/em><\/strong><br>-Holunder-Minzelik\u00f6r, Prosecco, Mineralwasser, Minzbl\u00e4tter<br>-Johannisbeerlik\u00f6r, Prosecco, Mineralwasser, Zitrone<\/p>\n\n\n\n<p><strong><em>Coktail\u2019s<\/em><\/strong> (0,4l)<br>LikoICElik\u00f6r,Limonade, schuss Limettensaft,  Crash-Eis<br>-Johannisbeerlik\u00f6r, Orangensaft, 2cl Limettensaft, Eisw\u00fcrfel, Shaken, Orange<br>-Feige-Limettenlik\u00f6r, Ananassaft, 1cl Limettensaft, Eisw\u00fcrfel, Shaken, Zitrone<\/p>\n\n\n\n<p><strong><em>Dessert<\/em><\/strong><br>-wei\u00dfer Schokoladelik\u00f6r mit 1 Eisw\u00fcrfel<br>-Vanilleeis mit Schokoladelik\u00f6r<\/p>","protected":false},"excerpt":{"rendered":"<p>Aperitif-Holunder-Minzelik\u00f6r, Prosecco, Mineralwasser, Minzbl\u00e4tter-Johannisbeerlik\u00f6r, Prosecco, Mineralwasser, Zitrone Coktail\u2019s (0,4l)LikoICElik\u00f6r,Limonade, schuss Limettensaft, Crash-Eis-Johannisbeerlik\u00f6r, Orangensaft, 2cl Limettensaft, Eisw\u00fcrfel, Shaken, Orange-Feige-Limettenlik\u00f6r, Ananassaft, 1cl Limettensaft, Eisw\u00fcrfel, Shaken, Zitrone Dessert-wei\u00dfer Schokoladelik\u00f6r mit 1 Eisw\u00fcrfel-Vanilleeis mit Schokoladelik\u00f6r<\/p>\n","protected":false},"author":3,"featured_media":0,"parent":0,"menu_order":0,"comment_status":"closed","ping_status":"closed","template":"","meta":[],"_links":{"self":[{"href":"https:\/\/schnapsstube.it\/schnapsstube\/wp-json\/wp\/v2\/pages\/759"}],"collection":[{"href":"https:\/\/schnapsstube.it\/schnapsstube\/wp-json\/wp\/v2\/pages"}],"about":[{"href":"https:\/\/schnapsstube.it\/schnapsstube\/wp-json\/wp\/v2\/types\/page"}],"author":[{"embeddable":true,"href":"https:\/\/schnapsstube.it\/schnapsstube\/wp-json\/wp\/v2\/users\/3"}],"replies":[{"embeddable":true,"href":"https:\/\/schnapsstube.it\/schnapsstube\/wp-json\/wp\/v2\/comments?post=759"}],"version-history":[{"count":11,"href":"https:\/\/schnapsstube.it\/schnapsstube\/wp-json\/wp\/v2\/pages\/759\/revisions"}],"predecessor-version":[{"id":822,"href":"https:\/\/schnapsstube.it\/schnapsstube\/wp-json\/wp\/v2\/pages\/759\/revisions\/822"}],"wp:attachment":[{"href":"https:\/\/schnapsstube.it\/schnapsstube\/wp-json\/wp\/v2\/media?parent=759"}],"curies":[{"name":"wp","href":"https:\/\/api.w.org\/{rel}","templated":true}]}}